 2*y**2 + 40 + 6. Let p be a(7). Is k(p) prime?
False
Is 113561 - (13 + 25 + -20) a prime number?
False
Let j(m) = 31*m**2 + 4*m - 23. Let h be j(4). Let t = -40 + 42. Suppose h = n + t*n. Is n a prime number?
True
Let a be 6/(-9)*(-37 - -1). Let w = a - -18. Suppose -5*r = -4*x + 268, -x + w = r - 25. Is x prime?
True
Suppose 3*v - o - 9321466 = 0, -43 = 2*o - 29. Is v a composite number?
True
Suppose -5*h + l + 105 = 0, 3*l - 6 - 53 = -2*h. Let m = 11 - 8. Let w = h - m. Is w a composite number?
False
Suppose -64*y = -11*c - 65*y + 4890390, -c + 4*y = -444585. Is c a prime number?
False
Let x = -297 - -302. Suppose -5037 + 272 = -x*t. Is t prime?
True
Suppose -2*u + y = 4, 3*u - 6*u + 8 = 2*y. Suppose -4*o + 4 = u, 3*x + 2*x = 4*o + 108231. Is x prime?
True
Suppose 0 = 2*u - 15*u - 377. Let j = 11322 + u. Is j a composite number?
True
Let g(m) = -m**3 - 17*m**2 - 19*m - 42. Let w be g(-16). Suppose 0 = 5*r + w*r - 45221. Is r prime?
True
Suppose -3*u + 2*u + 13 = -l, u - 4*l - 16 = 0. Suppose u*t + 105 = 5*t. Is t/(1 + 4) + 1442 composite?
False
Let a(r) = -r**3 - 13*r**2 - 14*r - 28. Let i be (-1)/(-2) - ((-1375)/(-10))/11. Let h be a(i). Is (-16475)/20*(0 + h) a prime number?
False
Let u(k) = 46*k - 57. Let a be u(8). Suppose 34027 = -304*n + a*n. Is n a composite number?
False
Let q = -27 - -31. Suppose 0 = -3*k + o - 714, -4*k + 2*o = q*o + 962. Let h = k + 942. Is h a composite number?
True
Let z = 276 + -271. Let o(h) = -4 - 2*h**2 + 1 + 7*h + 2*h**3 - 3*h + 0. Is o(z) composite?
True
Let s(l) = -13*l**3 - 10*l**2 + 15*l - 37. Is s(-16) composite?
False
Let d(u) = u**3 + u**2 + u. Let v be (2 + -2)/(2*(-2)/4). Let t be d(v). Is (1 + 0)*(3 + t + 668) prime?
False
Suppose -2*s + 13622 = -30164. Suppose s = 5*l - 527. Suppose -l - 512 = -4*k. Is k prime?
True
Let i be 246/30 - (-5)/(-25). Let c(v) = 5*v**3 - 8*v**2 + 10*v - 65. Is c(i) a prime number?
True
Suppose -8937*q = -8935*q - 1996478. Is q a prime number?
False
Suppose 5*r + 4*z - 14 = 43, 2*r = 4*z + 6. Let w = r + -3. Suppose u = w*u - 475. Is u prime?
False
Suppose -4*k + o + 59 = 0, 5*k - o + 39 = 8*k. Suppose 2*h + 1035 = t, k*h - 11*h + 12 = 0. Is t a composite number?
True
Is (-126093)/(-4) + (-16)/64 prime?
False
Suppose 3*a - 650 - 1462 = 0. Let f = 107 + a. Let t = f + -42. Is t prime?
True
Let l(o) = -5*o - 19. Let v be l(-8). Suppose 17*c - v*c = -20. Suppose -2*h = -s - 3*s + 3516, -5*h = -c*s + 4405. Is s a prime number?
True
Let k = -3870 - -7478. Let a = -129 - -131. Suppose a*r = 2*m + 3*m + k, 5*r + 5*m - 8985 = 0. Is r prime?
False
Let c(p) = 37*p**2 + 10*p + 4. Let y = 34 - 29. Is c(y) a prime number?
False
Let h = -906999 + 1279318. Is h prime?
False
Suppose -23921 + 90377 = 8*x. Let h = -4750 + x. Is h prime?
True
Suppose 6*u = 50 + 22. Is (2/(-2))/(-1) - (-552 + u) prime?
True
Let p be 72/27*6/8. Suppose 66*v = 69*v - 12. Suppose -v*c - p*a + 1728 + 1464 = 0, 2*c + 3*a = 1592. Is c composite?
True
Suppose 13400 - 3242 = -6*i. Let h = i + 6186. Is h a composite number?
False
Let o(q) = 15*q**2 - 24*q + 11. Is o(-12) a prime number?
True
Suppose -43*o = -49*o + 30. Suppose 3*x - x + 3638 = 4*g, 2*x - 4525 = -o*g. Is g prime?
True
Let t = 332075 + -175440. Is t composite?
True
Suppose -110*m - 3674723 = -17824392 - 834201. Is m a composite number?
False
Suppose 4*g - 422686 = 3*p, -24*g + 23*g - 2*p = -105655. Is g a prime number?
True
Let w = -33648 - -83207. Is w prime?
True
Suppose 5*x - 11 = 9. Suppose 0 = 3*c - 4*y, -y - x*y = -15. Suppose c*a - 560 = 492. Is a composite?
False
Let s = -89077 - -236120. Is s a composite number?
True
Suppose 7*s - 3*s - 3093 = -q, 4*s + 8 = 0. Is q a prime number?
False
Suppose -7 = -g, 4*o - 3559537 = -0*g - 3*g. Is o composite?
False
Let p(f) = f + 30. Let j be p(-12). Suppose -2*o + j = 2. Is (-1)/4 + (3386/o - 1) a composite number?
True
Let j(t) = -90*t**3 + 10*t**2 - 84*t - 641. Is j(-7) a prime number?
True
Let o be 1/(3/(-12) - (-8308)/33296). Let p = 1237 + o. Let z = 1631 + p. Is z a composite number?
False
Suppose 13*d - 17*d + 2*f + 188048 = 0, -2*f = -5*d + 235059. Is d prime?
False
Suppose 0 = -5*f + 4*i + 618305, -3*f + i = -115116 - 255867. Is f composite?
False
Let h(v) = 3677*v**2 + 19*v - 161. Is h(11) prime?
False
Let k(z) = -9*z**3 - 10*z**2 - 28*z + 128. Let x(w) = 6*w**3 + 7*w**2 + 19*w - 86. Let y(d) = -5*k(d) - 7*x(d). Is y(9) prime?
True
Is 64/(-64)*(0 - (-257319)/(-3)) a composite number?
True
Let i(k) = 7726*k**2 - k + 2. Let o be i(2). Suppose -o = -6*q - 2*q. Is q a composite number?
False
Let v(h) = h - 3. Suppose -z + 12 = 5. Let l be v(z). Let j(r) = 89*r + 21. Is j(l) prime?
False
Let i = -51 - -61. Let g(d) = 86*d**2 + 9*d + 21. Let p be g(i). Suppose -15*u = 2381 - p. Is u a composite number?
True
Let d = 34878 - 7589. Is d a prime number?
False
Let h(j) = -241*j - 5. Let c be h(10). Let v = c - -3856. Is v composite?
True
Let m = 148 - 140. Suppose m*x - 3549 = -517. Is x a prime number?
True
Suppose -w = 4*u - 19, 0*w - 3*w = u - 46. Let d be 6/15 - (-2964)/w. Let y = d + 53. Is y composite?
False
Let r(g) = -9*g - 32. Let x(t) = t. Let s(a) = r(a) + 4*x(a). Let j be s(-7). Suppose 4*u - 55 = -2*c + 1, 3*c - 99 = -j*u. Is c composite?
True
Suppose 3*k = 4*s - 2577905, -2*k - 153830 = 2*s - 1442786. Is s prime?
False
Let x = 160 - 151. Suppose 4*h = 6*k - x*k + 2671, 0 = k + 2*h - 891. Is k a prime number?
False
Let a(u) = 2*u**3 + 7*u**2 + 4*u + 10. Let g be a(-3). Suppose 0 = g*x - 33540 - 33037. Is x composite?
False
Suppose 12678176 = 22*m - 589122. Suppose -37*u + m = 118618. Is u composite?
False
Suppose -3*s = -7*s + 2912. Suppose -s = -2*p + 2698. Suppose 5*t + 4*v - 268 = p, 5*v + 799 = 2*t. Is t prime?
True
Let d(x) = x**2 + 6*x - 19. Let k be d(-10). Suppose 0*j + 3*j - 3*n - 18 = 0, -j - 4*n = -k. Is 912 + 3*3/j a prime number?
False
Suppose 10*r + 6826570 = 22*r - 2*r. Is r composite?
False
Is 7940849/70 + 7*6/140 a composite number?
True
Suppose 0 = 2*h + 2*p - 1622, -13*h + 17*h - 3236 = 4*p. Let k be (-4)/(-6) + 2283/(-9). Let d = h + k. Is d prime?
True
Suppose 4*p - 18*t = 556964, 0 = -4*p + 25*t - 21*t + 556964. Is p composite?
False
Suppose -4*n - 3*r - 3 = n, n - 4*r = 4. Suppose n = z - 2*b + 765 - 1961, 2*z + 5*b - 2401 = 0. Let l = -699 + z. Is l composite?
False
Let w be (-12 + 12)/(3/(-1)). Suppose w = -4*f + 1254 - 490. Is f a composite number?
False
Suppose f - 65 = -14. Let x = f + -42. Suppose -2694 = 2*j - 7*j - 3*c, 3*c - x = 0. Is j a prime number?
False
Let y(z) = -6*z**2 + 12 + 17*z**2 - 2*z + 31 + 13*z. Is y(-11) a prime number?
False
Suppose s - 11603 + 3238 = i, 4*s = i + 33454. Is s a composite number?
False
Let c be ((-9)/6)/(10/(-60)). Is (3 + (-6909)/c)/(6/(-9)) prime?
False
Suppose 224*u + 644 = 220*u. Is 4/(-10) + u/35 - -5302 a composite number?
False
Let h be (8 + -2 - 6)/(-5). Let b(x) = x - 1. Let j be b(4). Suppose -2*s - j*a + 162 = h, 3*s + 0*s - 2*a - 269 = 0. Is s a prime number?
False
Let z = 58 - 54. Suppose -y - 2*y - h = 0, 0 = -z*y + 3*h. Suppose y = -9*u + 8*u + 185. Is u composite?
True
Suppose -12 = -3*u - 5*c + 28, 2*u - 5*c = 35. Suppose -u*g = -18*g + 1422. Is g + 4 + -1 + 2 a composite number?
False
Suppose -5*x + 4*p = -35471, 2*p = 63*x - 62*x - 7099. Is x a prime number?
False
Suppose -161 = 4*m + f + 251, f = -5*m - 516. Let t = m + 919. Suppose -2*d + 75 = -t. Is d prime?
False
Let s(b) = -b**3 + 6*b**2 - 10*b + 5. Let d be s(4). Let t(k) = -16*k**3 + 5*k - 12*k**2 - 1 + 10*k**2 - 3*k**3. Is t(d) prime?
True
Is (-22642488)/(-104) - 110/(-143) composite?
False
Let n = 1957 + -863. Let v(s) = s**3 - 25*s**2 - 6*s - 61. Let f be v(26). Let i = n - f. Is i a composite number?
True
Let b(s) = 1246*s**2 + 48*s + 139. Is b(-10) composite?
True
Let u(p) = -2*p**2 + 17*p - 19. Let r be u(7). Is ((-3450)/12)/(-5)*r a prime number?
False
Is -2 + 125/(1/(-41)*1/(-67)) composite?
False
Suppose 2*k - 12 = -k. Suppose k = 4*r + 4. Is (r - -7)/(12/36) a composite number?
True
Let t(d) = -122933*d + 2761. Is t(-4) a composite number?
True
Let x = 21 - 9. Suppose 0 = -18*p + 14*p + x. Is (-51288)/(-104) + p/39*-2 prime?
False
Suppose 6*u + 5*u + 22 = 0. Let g be (-21)/(-2) - 3/u. Is 0 - (g/8 + -2)*158 composite?
False
Let i = 287 -